
Let r = -44 - -47. Suppose r*u - 6 = u. Suppose 85 = k + u*f, -340 = -4*k - 4*f + f. Calculate the remainder when k is divided by 22.
19
Let k(t) = -50*t + 739. Calculate the remainder when k(9) is divided by 49.
44
Let b(p) = 153*p - 2175. What is the remainder when b(24) is divided by 190?
167
Suppose -2*x + 168 = 3*w, -2*w + 109 + 3 = 4*x. Calculate the remainder when 11*(-3 + -1)*(5 - 6) is divided by (w/(-21))/((-2)/18).
20
Let g = 123 + -118. Suppose -g*x + 393 = -27. What is the remainder when 333 is divided by x?
81
Let a(m) = -m**2 - 55*m + 362. What is the remainder when a(-60) is divided by 26?
10
Let s(u) = 6*u**2 + 2*u - 1. Let q be (0 + -1)/(3/6). Calculate the remainder when (3/(-9))/(28 - 2689/96) is divided by s(q).
13
Let g = -50 - -189. Suppose -134 = 5*y - g. What is the remainder when 16 is divided by y?
0
Let i(b) = b**3 - 2*b**2 - 9*b + 19. Let c be i(3). Calculate the remainder when (c + 170)*(28/21)/4 is divided by 11.
2
Let m = 40 - 36. Suppose 4*x - 8 = -5*r, -r = -4*r - m*x + 8. Suppose r = 2*s + 2*s - 44. Calculate the remainder when 21 is divided by s.
10
Let c = 5543 - 5490. What is the remainder when c is divided by 31?
22
Suppose 0 = c - 77 + 28. Let y(k) = 10047*k + 80561. Calculate the remainder when y(-8) is divided by c.
38
Let c(o) = 3*o - 7. Let j(y) = 7*y - 57. Let q = -234 + 248. What is the remainder when j(q) is divided by c(7)?
13
Let y be (-6 + 0)*14/(-4) - -4. Suppose 31*g - 468 = y*g. Calculate the remainder when g is divided by 16.
14
Let n = -64 - -109. Suppose -l = 5*u - 18 - 35, -47 = -5*u - 4*l. Let r(v) = 21*v - 145. Calculate the remainder when r(u) is divided by n.
41
Let w = 194 + -172. Let u = w - 5. What is the remainder when (1 - 1) + 1 - (-30 + 1) is divided by u?
13
Let u be 3*(-4 + 5) - (-195 + 0). Let x be ((-4)/6)/((-11)/u). Let v(y) = y**3 - 11*y**2 - 8*y - 12. What is the remainder when v(x) is divided by 13?
10
Suppose -3*x - 5 = -23. Let r be (-14)/(1/12*-3). Suppose -d + 60 = r. Calculate the remainder when x is divided by d.
2
Suppose 0 = -0*q - 10*q + 40. Suppose -3*f = q*f - 224. Calculate the remainder when 37 is divided by ((f/(-5))/8)/((-1)/10).
5
Suppose 172 = -4*t + 5*m, -t - 2*m = -4*t - 136. Calculate the remainder when 71 is divided by t/(-1 - 5) - -5.
6
Let o be 3 + 3272 - -3 - (1 - -2). Suppose -9*i - 224 = -o. Suppose 0 = -4*c + v + 2*v + i, 0 = -4*c + v + 337. What is the remainder when c is divided by 22?
18
Suppose -5*j - j + 3414 - 3078 = 0. What is the remainder when 690 is divided by j?
18
Calculate the remainder when 96 is divided by 20/60*(-84)/(-7).
0
Let y = 638 - 325. Suppose 4*v - 4*k = 640, 0 = 2*v - k + 6*k - y. Calculate the remainder when v is divided by 16.
15
Suppose -2014*n = -2032*n + 7884. Calculate the remainder when n is divided by 149.
140
Suppose -32*z + 2*q + 40264 = 0, 5*z - 7565 = -2*q - 1283. Calculate the remainder when z is divided by 25.
8
Suppose -7*s + 31*s + 144 = 0. Let r(n) = n**3 + 14*n**2 + 44*n + 1. What is the remainder when r(s) is divided by 3?
1
Suppose -2*h - 1 - 11 = -2*c, -6 = 2*c + 4*h. Suppose -z + 108 = 3*u + u, u = -c*z + 269. Calculate the remainder when 258 is divided by z.
82
Let i = 1344 - 1126. Calculate the remainder when 3048 is divided by i.
214
Let f(w) = 14*w + 455. Let q be f(0). Suppose 8*u + q = 21*u. Calculate the remainder when u is divided by 14.
7
Suppose -5*x + 8 = -2. Let s be 2/((-24)/(-124)) + x/3. Let m(b) = 2*b - 19. What is the remainder when 27 is divided by m(s)?
0
Let v = -271 - -340. Calculate the remainder when (v*(-14)/(-105))/(1/10) is divided by 31.
30
Suppose -1856 = -2*h - 5*s, -339 = -h + 3*s + 578. Calculate the remainder when h is divided by 32.
27
Suppose -4*q = q - 3*l - 22, 0 = 2*q + 5*l - 15. Suppose -4*v = -117 + 121, -s - 2*v = -8. What is the remainder when s is divided by q?
0
What is the remainder when (-6 + 15)*1/(-6)*-68 is divided by -32 - -30 - (-7 - 0)?
2
What is the remainder when 14/399 - 2774160/(-4104) is divided by 139?
120
Let y(s) be the third derivative of 7*s**5/60 + s**4/12 - 28*s**2. Let w be y(-1). Suppose -w*k + 72 = -3*k. What is the remainder when 103 is divided by k?
31
Let a(l) = 4*l**2 + 9*l + 4. Let q be a(-9). Suppose -q*b = -250*b + 1236. What is the remainder when b is divided by 23?
21
Suppose 5*i + 1 - 14 = -3*a, -a = 2*i - 3. Suppose 2*c - 31 = -3*b, -5*b + 31 = -3*c + 87. What is the remainder when c + (-14 - -5) - -45 is divided by a?
9
Suppose 0 = 105*z + 20592 - 75087. Calculate the remainder when z is divided by 65.
64
Let i = -48 - -47. Let r(y) = 93*y**2 - 3*y - 3. Let z(n) = -2*n**3 - 17*n**2 + 7*n + 14. Calculate the remainder when r(i) is divided by z(-9).
29
Suppose 0 = -w + 2*o + 2, o - 35 = -4*w - 0*o. Let v(q) = -q**2 + 13*q - 36. Calculate the remainder when v(w) is divided by 2.
0
Suppose -29*m - 9701 = -10426. What is the remainder when 1173 is divided by m?
23
What is the remainder when (5 + -7)*-1*(2562 + 2) is divided by 30?
28
Suppose -21 = -3*k, -14*k = 3*z - 13*k - 256. What is the remainder when 26309 is divided by z?
81
Suppose -3*o = -0*q - q - 10, -5*o - 26 = q. Let u be 39 + 4*-2*6/q. Calculate the remainder when 52 is divided by (12/(-14))/((-2)/u).
16
Let d = 2242 + -2218. Let p(l) = 11*l + 6 - 3 - 1. What is the remainder when p(4) is divided by d?
22
Suppose 15 = 4*k + 3*n + 3, 20 = 4*k + 5*n. What is the remainder when (-1*(-2 - -3))/((-155)/30845) is divided by -30*(k - 4/3)?
39
Suppose -377 = 12605*a - 12634*a. What is the remainder when 500 is divided by a?
6
Let y(u) = -2*u**3 - 24*u**2 - 2*u - 16. Let f = 83 - 95. Calculate the remainder when y(f) is divided by 8.
0
Let x be 118/2 - ((-30)/(-5) - 7). Suppose -92 = -4*m - x. Calculate the remainder when 1 + -3 + 2 + 53 is divided by m.
5
Calculate the remainder when (6*-1)/(-1) + 980/(-35) + 2128 is divided by 124.
122
Suppose -5*s + 280 = -0*s. Let d = -298 + 246. Let a = d - -72. Calculate the remainder when s is divided by a.
16
Suppose 3*t + 2*g = -2*t + 97, 3*t - 5*g - 52 = 0. Let s be -6 + (-7)/28*-68. Suppose s*r - 176 = -77. Calculate the remainder when t is divided by r.
1
Let m = 1978 + -1932. What is the remainder when 125 is divided by m?
33
Let n = -189 - -288. Suppose 1531 = 40*h - 509. What is the remainder when n is divided by h?
48
Let o = 47 - 27. Let p = o + -5. Suppose -2*t + 77 - p = 0. Calculate the remainder when t is divided by 8.
7
Suppose 0*g + 5*g + 8184 = 27*g. What is the remainder when 830 is divided by g?
86
Let g = -10596 + 10614. What is the remainder when 1474 is divided by g?
16
Let z = -5074 - -5152. Suppose -l - 2 = -17. What is the remainder when z is divided by l?
3
Let l = 95 - 105. What is the remainder when 14 is divided by (10/(-2))/l*20?
4
Suppose -2*q + 56 = -2*w, -5*w + 5 = -3*q + 101. Let f = -145 - -298. What is the remainder when f is divided by q?
21
What is the remainder when 239 is divided by -175*96/(-224) - 3*9/(-3)?
71
Let i = -26 - -56. Let q be (7/(-2))/(-1)*2. Let f = i + q. Calculate the remainder when f is divided by 20.
17
Let q be 3*1 - (-14 + 1 + 3). Suppose 177 = 4*i + g - 2*g, 4*i - 181 = 5*g. Suppose -q*y + 473 = i. Calculate the remainder when 164 is divided by y.
32
Let a(q) = q**2 + 4*q + 14. Suppose 20*w = -74 - 26. Calculate the remainder when 64 is divided by a(w).
7
Let r = -11323 - -11325. Calculate the remainder when 117 is divided by r.
1
Suppose 14008 = 16*o - 2600. Let s = o - 789. What is the remainder when s is divided by 17?
11
Let n = 17 - 8. Let k = -74930 + 74942. Calculate the remainder when k is divided by n.
3
Let u(z) = -2*z**3 - 9*z**2 - 20*z. Let l be u(-4). Let k = l - 55. Calculate the remainder when 95 is divided by k.
5
Let b = 1346 + -646. Let u = 745 - b. What is the remainder when u is divided by 24?
21
Let b be -36 - ((-6 - -1) + 3). Let v = 106 + b. What is the remainder when v is divided by 268/18 + ((-480)/135)/(-32)?
12
Let r be -5 + 102*(-2)/(-3). Suppose -r - 221 = -4*a. Suppose 0 = 5*z - a - 9. Calculate the remainder when 61 is divided by z.
13
Let z(m) = m**3 - 9*m**2 - 29*m + 16. Let h(o) = -4*o**3 - 14*o**2 - 26*o + 2. Calculate the remainder when z(12) is divided by h(-2).
10
Suppose -221*r - 11628 = -239*r. What is the remainder when r 